{"id":746,"date":"2023-01-10T15:28:45","date_gmt":"2023-01-10T15:28:45","guid":{"rendered":"https:\/\/www.mariareina.org\/oficial\/?page_id=746"},"modified":"2023-01-10T18:00:47","modified_gmt":"2023-01-10T18:00:47","slug":"bienvenida","status":"publish","type":"page","link":"https:\/\/www.mariareina.org\/oficial\/bienvenida\/","title":{"rendered":"\u00a1Bienvenido a tu Casa!"},"content":{"rendered":"\n<p class=\"has-text-align-left\"><strong>Nuestra Parroquia Santa Mar\u00eda Reina<\/strong> es una Casa en medio de las casas, construida con piedras vivas, con rostros, historias y personas.<\/p>\n\n\n\n<p>Un espacio de encuentro y fraternidad para reencontrarnos y restaurar nuestras vidas agitadas por el diario vivir.<\/p>\n\n\n\n<p>Es el lugar para respirar a Dios y nutrir el esp\u00edritu, es el abrazo del perd\u00f3n y de la reconciliaci\u00f3n para restaurar el coraz\u00f3n.<\/p>\n\n\n\n<p>Es el camino que recorremos juntos para vivir los sacramentos.<\/p>\n\n\n\n<p>Es la presencia que te acompa\u00f1a en los acontecimientos de dolor y tristeza, enfermedad o necesidad.<\/p>\n\n\n\n<p>Es la familia que se alegra en la gratitud de celebrar la vida.<\/p>\n\n\n\n<p>Es la aventura de vivir cada d\u00eda la vida cristiana.<\/p>\n\n\n\n<p><em><strong>\u201cGracias por ser y construir la Comunidad\u201d<\/strong><\/em><\/p>\n\n\n\n<p><\/p>\n","protected":false},"excerpt":{"rendered":"<p>Nuestra Parroquia Santa Mar\u00eda Reina es una Casa en medio de las casas, construida con piedras vivas, con rostros, historias [&hellip;]<\/p>\n","protected":false},"author":1,"featured_media":0,"parent":0,"menu_order":0,"comment_status":"closed","ping_status":"closed","template":"","meta":[],"_links":{"self":[{"href":"https:\/\/www.mariareina.org\/oficial\/wp-json\/wp\/v2\/pages\/746"}],"collection":[{"href":"https:\/\/www.mariareina.org\/oficial\/wp-json\/wp\/v2\/pages"}],"about":[{"href":"https:\/\/www.mariareina.org\/oficial\/wp-json\/wp\/v2\/types\/page"}],"author":[{"embeddable":true,"href":"https:\/\/www.mariareina.org\/oficial\/wp-json\/wp\/v2\/users\/1"}],"replies":[{"embeddable":true,"href":"https:\/\/www.mariareina.org\/oficial\/wp-json\/wp\/v2\/comments?post=746"}],"version-history":[{"count":7,"href":"https:\/\/www.mariareina.org\/oficial\/wp-json\/wp\/v2\/pages\/746\/revisions"}],"predecessor-version":[{"id":767,"href":"https:\/\/www.mariareina.org\/oficial\/wp-json\/wp\/v2\/pages\/746\/revisions\/767"}],"wp:attachment":[{"href":"https:\/\/www.mariareina.org\/oficial\/wp-json\/wp\/v2\/media?parent=746"}],"curies":[{"name":"wp","href":"https:\/\/api.w.org\/{rel}","templated":true}]}}