{"id":568,"date":"2020-03-24T02:52:16","date_gmt":"2020-03-24T02:52:16","guid":{"rendered":"http:\/\/www.mariareina.org\/oficial\/?page_id=568"},"modified":"2022-12-30T22:40:48","modified_gmt":"2022-12-30T22:40:48","slug":"historia","status":"publish","type":"page","link":"http:\/\/www.mariareina.org\/oficial\/historia\/","title":{"rendered":"HISTORIA"},"content":{"rendered":"<h3>Historia de la Parroquia Santa Mar\u00eda Reina<\/h3>\n<p style=\"text-align: justify;\">La Capilla de Santa Mar\u00eda Reina surge como inquietud del matrimonio Tam\u00e9z por edificar un templo para hacer nacer una nueva comunidad cristiana.<\/p>\n<p style=\"text-align: justify;\">Este proyecto inici\u00f3 donde se instalaba el nacimiento de todos conocidos y muy concurrido del Fracc. Residencial Agua Caliente, propiedad de la Constructora Urbi.<\/p>\n<p style=\"text-align: justify;\">Se pidi\u00f3 consentimiento al Padre Eduardo Mart\u00ednez (que en ese entonces era P\u00e1rroco de San Miguel Arc\u00e1ngel) y al Excmo. Sr. Obispo Dn. Emilio Carlos Berli\u00e9 Beulazar\u00e1n. Ambos aceptaron.<\/p>\n<p style=\"text-align: justify;\">Como primera tarea se formo un comit\u00e9 integrado por 5 parejas de matrimonios que de inmediato se pusieron manos a la obra. Como inicio se solicit\u00f3 al Municipio de Tijuana la donaci\u00f3n del terreno destinado a \u00e1rea verde.<\/p>\n<p style=\"text-align: justify;\">La responsabilidad de la naciente capilla fue entregada al Padre Eduardo Mart\u00ednez. Una de sus tareas era bautizarla con un nombre.<\/p>\n<p style=\"text-align: justify;\">Cuenta el Padre Eduardo que una vez que los visitaba su amigo el Padre Jos\u00e9 Barajas lo invit\u00f3 a visitar el terreno. Era un 22 de Agosto fiesta de Santa Mar\u00eda Reina. Discutiendo el nombre con la cual la bautizar\u00edan, recordaron el d\u00eda que celebraban ese momento. Y decidieron llamarla as\u00ed, Santa Mar\u00eda Reina.<\/p>\n<p style=\"text-align: justify;\">Para celebrar la Santa Misa el P. Eduardo prestaba domingo a domingo 30 sillas y un sonido. Una vez concluida la celebraci\u00f3n eran devueltas a San Miguel. Este ritmo de ir y venir duro aproximadamente 1 a\u00f1o. Hasta que fue posible comprar nuestras propias sillas y sonido gracias al entusiasmo que renac\u00eda de la comunidad, vendiendo desayunos dominicales.<\/p>\n<p style=\"text-align: justify;\">Nuestra comunidad poco a poco crec\u00eda y con ella las necesidades.<\/p>\n<p style=\"text-align: justify;\">Se realiz\u00f3 un consenso en el Fraccionamiento para determinar si los habitantes de la zona deseaban que el \u00e1rea verde se convirtiera en templo. La respuesta no se hizo esperar y se recabaron mas de 10,000 firmas apoyando este proyecto.<\/p>\n<p style=\"text-align: justify;\">La Capilla inicialmente edificada en un lote bald\u00edo y con techo de lona se convirti\u00f3 en una Capilla hecha de madera y piso de tierra. Hoy despu\u00e9s de tantos a\u00f1os y esfuerzo se ha convertido en lo que actualmente tenemos, un templo hecho realidad y una Capilla erigida Parroquia el 22 de Agosto del 2003.<\/p>\n<p style=\"text-align: justify;\">Seguramente falta mucho por realizar, pero damos gracias a Dios Nuestro Se\u00f1or por lo que hemos logrado hasta ahora. Seguiremos pidiendo para que esta comunidad la mantenga consolidada y unida.<\/p>\n","protected":false},"excerpt":{"rendered":"<p>Historia de la Parroquia Santa Mar\u00eda Reina La Capilla de Santa Mar\u00eda Reina surge como inquietud del matrimonio Tam\u00e9z por [&hellip;]<\/p>\n","protected":false},"author":1,"featured_media":728,"parent":0,"menu_order":0,"comment_status":"closed","ping_status":"closed","template":"","meta":[],"_links":{"self":[{"href":"http:\/\/www.mariareina.org\/oficial\/wp-json\/wp\/v2\/pages\/568"}],"collection":[{"href":"http:\/\/www.mariareina.org\/oficial\/wp-json\/wp\/v2\/pages"}],"about":[{"href":"http:\/\/www.mariareina.org\/oficial\/wp-json\/wp\/v2\/types\/page"}],"author":[{"embeddable":true,"href":"http:\/\/www.mariareina.org\/oficial\/wp-json\/wp\/v2\/users\/1"}],"replies":[{"embeddable":true,"href":"http:\/\/www.mariareina.org\/oficial\/wp-json\/wp\/v2\/comments?post=568"}],"version-history":[{"count":1,"href":"http:\/\/www.mariareina.org\/oficial\/wp-json\/wp\/v2\/pages\/568\/revisions"}],"predecessor-version":[{"id":570,"href":"http:\/\/www.mariareina.org\/oficial\/wp-json\/wp\/v2\/pages\/568\/revisions\/570"}],"wp:featuredmedia":[{"embeddable":true,"href":"http:\/\/www.mariareina.org\/oficial\/wp-json\/wp\/v2\/media\/728"}],"wp:attachment":[{"href":"http:\/\/www.mariareina.org\/oficial\/wp-json\/wp\/v2\/media?parent=568"}],"curies":[{"name":"wp","href":"https:\/\/api.w.org\/{rel}","templated":true}]}}