{"id":48,"date":"2017-08-09T18:46:55","date_gmt":"2017-08-09T18:46:55","guid":{"rendered":"http:\/\/www.mariareina.org\/oficial\/?page_id=48"},"modified":"2019-03-26T18:30:15","modified_gmt":"2019-03-26T18:30:15","slug":"requisitos-para-el-bautismo","status":"publish","type":"page","link":"http:\/\/www.mariareina.org\/oficial\/servicios\/requisitos-para-el-bautismo\/","title":{"rendered":"REQUISITOS PARA EL BAUTISMO"},"content":{"rendered":"<h3><strong>Requisitos para el Bautismo<\/strong><\/h3>\n<p><strong>1.-<\/strong> Acta de nacimiento del ni\u00f1o (a) <strong>(original y copia)<\/strong><\/p>\n<p><strong>2.-<\/strong> Los Nombres completos e identificaciones de quienes ser\u00e1n los Padrinos, traer copia fotost\u00e1tica de sus identificaciones.<\/p>\n<p>&#8211; Si son casados, deber\u00e1n presentar original o copia de la boleta de Matrimonio Religioso.<\/p>\n<p>&#8211; Si son solteros bien solteros y presentar Acta de alguno de los sacramentos recibidos.<\/p>\n<p><strong>3.-<\/strong> PLATICAS\u00a0 PRE-BAUTISMAL DE PAPAS Y PADRINOS:\u00a0<strong><u>TODOS LOS VIERNES<\/u><\/strong>, una sola pl\u00e1tica a las <strong>7:30 p.m.<\/strong>,\u00a0 (EN LA PARROQUIA SANTA MAR\u00cdA REINA, FAVOR DE INSCRIBIRSE EN LA OFICINA ANTES DEL VIERNES QUE HAYAN ELEGIDO PARA TOMAR LA PLATICA)<\/p>\n<p><strong>4.-<\/strong> Hacer Tr\u00e1mites <strong>una semana antes de la fecha del bautizo <\/strong>y entregar <strong>\u00a0documentos, de preferencia con platicas ya recibidas.<\/strong><\/p>\n<ol start=\"5\">\n<li>Ni\u00f1os mayores de 7 a\u00f1os requieren de preparaci\u00f3n especial.<\/li>\n<\/ol>\n<p>&nbsp;<\/p>\n<p>NOTA: <strong><u>NO<\/u> PUEDEN SER PADRINOS<\/strong><\/p>\n<ul>\n<li><u>Los menores de edad. <\/u><\/li>\n<li>Los que pertenezcan a <u>Otra religi\u00f3n o SECTA.<\/u><\/li>\n<li>Los casados por el <u>Civil \u00fanicamente.<\/u><\/li>\n<li>Los que viven en<u> Uni\u00f3n Libre. <\/u><\/li>\n<li>Los que <u>NO est\u00e1n Bautizados.<\/u><\/li>\n<li>Los <u style=\"font-size: 1.0625rem;\">Divorciados<\/u><\/li>\n<\/ul>\n","protected":false},"excerpt":{"rendered":"<p>Requisitos para el Bautismo 1.- Acta de nacimiento del ni\u00f1o (a) (original y copia) 2.- Los Nombres completos e identificaciones [&hellip;]<\/p>\n","protected":false},"author":1,"featured_media":0,"parent":31,"menu_order":0,"comment_status":"closed","ping_status":"closed","template":"","meta":[],"_links":{"self":[{"href":"http:\/\/www.mariareina.org\/oficial\/wp-json\/wp\/v2\/pages\/48"}],"collection":[{"href":"http:\/\/www.mariareina.org\/oficial\/wp-json\/wp\/v2\/pages"}],"about":[{"href":"http:\/\/www.mariareina.org\/oficial\/wp-json\/wp\/v2\/types\/page"}],"author":[{"embeddable":true,"href":"http:\/\/www.mariareina.org\/oficial\/wp-json\/wp\/v2\/users\/1"}],"replies":[{"embeddable":true,"href":"http:\/\/www.mariareina.org\/oficial\/wp-json\/wp\/v2\/comments?post=48"}],"version-history":[{"count":4,"href":"http:\/\/www.mariareina.org\/oficial\/wp-json\/wp\/v2\/pages\/48\/revisions"}],"predecessor-version":[{"id":540,"href":"http:\/\/www.mariareina.org\/oficial\/wp-json\/wp\/v2\/pages\/48\/revisions\/540"}],"up":[{"embeddable":true,"href":"http:\/\/www.mariareina.org\/oficial\/wp-json\/wp\/v2\/pages\/31"}],"wp:attachment":[{"href":"http:\/\/www.mariareina.org\/oficial\/wp-json\/wp\/v2\/media?parent=48"}],"curies":[{"name":"wp","href":"https:\/\/api.w.org\/{rel}","templated":true}]}}